te number?
True
Suppose -3*a + 635058 = u, 74*u = -5*a + 75*u + 1058438. Is a composite?
True
Suppose -3*r + 21*r = -0*r + 1577034. Is r a composite number?
False
Suppose -58*h + 15*h = 19*h - 2690242. Is h a prime number?
True
Let v(g) = -9*g**2 - 4*g - 4. Let c be v(11). Let u be (c/2)/((-18)/204). Suppose 0 = h + 4*h + 4*o - 10737, 3*h + 2*o - u = 0. Is h a composite number?
True
Let v(m) = -4*m + 11. Let b(o) = -o + 11. Let y(w) = 3*b(w) - 2*v(w). Let f = -1 - -3. Is y(f) prime?
False
Let y(t) = -3422*t**3 - 6*t**2 - 12*t - 47. Is y(-3) composite?
True
Suppose 0 = 71*l - 72*l - 3*i + 108521, -325475 = -3*l + 2*i. Is l composite?
False
Is (6/(96/(-13276)))/(8/(-992)) prime?
False
Let d(y) = 3976*y**2 + 202*y + 1. Is d(2) a composite number?
True
Suppose -3*x - 4*j + 30 = 2*x, 5*j = -4*x + 33. Suppose 2*m + 2*a = 3*m - 1719, -x*a = 4*m - 6866. Is m a prime number?
False
Let u(n) = -5*n + 2 - 5 + n - 2*n**3 + 0. Let b be u(-3). Is 443*((-9)/(-7) + (-18)/b) a prime number?
True
Suppose 19321119 - 2388629 = 10*k. Is k a prime number?
True
Let v = 108187 + -2960. Is v a composite number?
False
Let f = -72 - -73. Let c be 2 - ((-4)/f + -2). Let t(z) = 111*z + 31. Is t(c) prime?
True
Suppose 0 = 3*d + 10 - 1. Let o be (d + -8 + -3)*-1. Is (2 + 71)*o/2 prime?
False
Let l be 8 - -3 - (-4)/(-1). Is (-272)/24*-1371 + l a prime number?
False
Let l be 5 - (3 + -6 + 4). Suppose 5*g + 0*y = -y + 15, -l*y = -20. Suppose -2*z + 642 = 2*n - 4236, 3*n + g*z - 7315 = 0. Is n a prime number?
True
Let n(c) = 37*c + 13. Suppose -10 = -6*v + v - 5*a, -5*a = 4*v - 7. Suppose v*s = -3*i + 24, -4*i + 2*s + 12 = i. Is n(i) composite?
True
Let q = 33996 + -23753. Is q a composite number?
False
Let l be -4 + 0 - 2/2. Let i be (5245 + l + 2)/(1 + 1). Suppose 3*b - 529 = 2*u - i, -u + 1037 = 3*b. Is u a composite number?
True
Let f(i) = i**2 - 8*i + 15. Let p be f(-12). Suppose -p = 2*m + 49. Let y = 351 + m. Is y a prime number?
True
Let r be 4*13/(-4) - -1030. Let j be 0 + 2 + 0 + 240. Suppose -j = -m + r. Is m a prime number?
True
Let q(i) = -i**3 + 4*i**2 + 10*i - 3*i**2 + i - 10*i**2 + 14. Let u be q(-10). Suppose 6*x - 1114 = u*x. Is x prime?
True
Let k(q) = -84773*q + 9. Is k(-2) a composite number?
True
Suppose 3*g - 25 - 8 = 0. Suppose -d + 0*d = -g. Suppose 15*p = d*p + 10916. Is p prime?
True
Suppose -5*l + 1534943 = -16*r + 18*r, 0 = 2*r + 12. Is l a prime number?
True
Suppose 4*u - 24949 = 4*n + 469595, -3*n + 494495 = 4*u. Is u a composite number?
True
Let c = 2956766 - 2043079. Is c a composite number?
False
Let m(j) = 183*j**2 - 39*j + 785. Is m(41) a prime number?
True
Suppose 121*b - 118*b = 364563. Is b prime?
False
Suppose -214 = -2*m - 4*o, -2*o = 4*m - 6*o - 416. Suppose 302 = 4*r + 3*p + m, -3*r + 164 = -p. Is r prime?
True
Suppose -4620 = -190*l + 185*l. Let t = l - -783. Is t a composite number?
True
Let x be 13/((-468)/24) - 6838/(-6). Let z = x - -372. Is z prime?
True
Let x(g) be the second derivative of -1819*g**3/6 + 5*g**2/2 - g + 8. Is x(-2) prime?
True
Let a(f) be the second derivative of f**5/20 + 2*f**4 - 5*f**3/3 + 25*f**2 + 2*f + 1. Is a(-21) composite?
False
Suppose -2*x + 400566 = -5*f + 91678, 3*x = -4*f + 463401. Is x composite?
False
Let l be (0/4 + -4)*-1. Suppose 6*t = 10*t - 332. Suppose 0 = 5*n + 2*o - 431, o + t + 267 = l*n. Is n composite?
True
Suppose 1455 - 273 = -p. Let l = 1919 + p. Is l prime?
False
Let v be (-142)/3 + 5/15. Let h = 1 + 83. Let t = v + h. Is t composite?
False
Let o(l) = -14801*l + 3912. Is o(-7) composite?
True
Suppose 0 = -2*d - 102 - 12. Let j = 214 + d. Is j prime?
True
Suppose -3*i + 5*q + 17184 = 0, i + 772*q = 768*q + 5711. Is i prime?
False
Let o = 95950 - 29656. Is 2/1*o/36 a composite number?
True
Suppose -11*c = -12*c + 52. Suppose 5405 = -47*k + c*k. Is k a composite number?
True
Let z = 110 - 108. Let c be (-1)/z + 5/10. Suppose -8*y + 2407 + 14417 = c. Is y a prime number?
False
Let p be (19908/(-140))/(6/(-20)). Is (361/(-57))/((-1424)/p + 3) composite?
True
Suppose 0 = -2*b + 2*w + 332, 0 = -2*b + 5*b + 4*w - 470. Suppose -157*i = -b*i + 600. Let y = -87 + i. Is y a prime number?
False
Suppose 3*x - 7*s = -4*s + 18336, -4*x + 3*s = -24443. Suppose 21*v - x = 20*v. Is v a composite number?
True
Let t(o) = o - 13. Let y be t(11). Let a be (615 - 12)/(y/(-106)). Suppose -21*x = -12*x - a. Is x composite?
True
Let c = 191 - 141. Is (-20)/c - 27894/(-10) prime?
True
Suppose -71881 = -3*k + 5*c, -12399 + 36348 = k + 4*c. Is k a composite number?
False
Suppose -2025536 = -z - 3*n, 3*z - n = 2461 + 6074117. Is z prime?
False
Is (-13841*(15/3 + -6))/(1/11) prime?
False
Suppose 89*d - 15200357 = 5924772. Is d composite?
False
Let m = -84 - -86. Suppose 4*u = 3*u + 2, -4*f + m = u. Suppose f = -18*j + 5*j + 25831. Is j a prime number?
True
Suppose -6*g = -3*b - 7*g + 28940, 0 = -5*b - g + 48236. Suppose 4*a - 4316 = b. Is a composite?
False
Suppose -2*r + 3*k = 2*k - 3, -r + k + 1 = 0. Let f be 13835/20 - r/(-8). Suppose f = i - 107. Is i composite?
True
Let w be (-38000)/(-275) - (1 + 18/(-22)). Let m(a) = -a + 20. Let r be m(-5). Suppose -w = -f + r. Is f a prime number?
True
Let m(v) = -46*v**3 + 19*v**2 - 103*v - 141. Is m(-17) composite?
True
Let i(s) = s**3 + 5*s**2 + 2*s + 7. Let b be i(-5). Let g be -4 + -1 + -2 - 5*(-14)/35. Is g - 12/b - (-2956)/2 prime?
False
Suppose -7*l - 363 + 412 = 0. Suppose -1180 = -l*u + 3*u. Is u prime?
False
Let s(i) = i + 13. Let y be s(-12). Suppose 3*w = -4*j + y - 4, 3 = -2*j - w. Is 162 + j/((-3)/1) a prime number?
True
Suppose -248*h - 8013911 = -307*h. Is h composite?
False
Let n be 6/(660/(-310)) - 2/11. Is ((-1)/(-2))/(n/(-78255 + -3)) a composite number?
False
Let s be 185/35 - 5 - (-41116)/7. Suppose -6*m + 5*m + s = 4*b, -5*b = -m - 7347. Is b composite?
True
Suppose 307*s + 285*s + 4167857 = 623*s. Is s a prime number?
False
Let g(i) = 68*i**2 - 15*i - 1. Let b(h) = -70*h**2 + 14*h + 1. Let j(u) = -5*b(u) - 4*g(u). Is j(-2) a prime number?
True
Suppose 2*w + 853814 + 70439 = 3*t, -3*t = -3*w - 924258. Is t composite?
False
Let g = -55829 + 106368. Is g a composite number?
False
Let t be 3/(9/(-85208))*(-18)/8. Let p = t + -44969. Is p composite?
True
Let c(a) = -2*a + 1. Let r(x) = -37*x - 10. Let p(f) = -6*c(f) + r(f). Let k(b) = -b**3 + 11*b**2 + b - 22. Let n be k(11). Is p(n) a prime number?
False
Suppose -10 = -5*j, -t + 9*j - 4*j = -171. Suppose -88 = -z + t. Is z a composite number?
False
Let i(v) = -v**3 + 11*v**2 - 11*v + 9. Let n be i(10). Let s be ((-3)/9 - n)*(-6 + 12). Suppose -2*l + 2110 = -s*x, -4*l + x = -3229 - 970. Is l a prime number?
True
Suppose 0 = -2*u - 10, 5*u = 3*x + 3*u - 16. Is (55 + -56)/(x/(-30802)) a composite number?
False
Let w(v) = 138*v + 820. Let n be w(-6). Let h(j) = -j**3 + 15 + 6*j**2 + 0*j**3 + 5*j - 6. Is h(n) prime?
False
Suppose 0 = 5*q - 26 + 11. Let c(y) = -3*y - 20. Let v be c(-8). Suppose -v = -p + q. Is p a prime number?
True
Suppose 19442*h - 19434*h = 746264. Is h prime?
True
Suppose 18 = 3*f - 0. Suppose u = f*u - 165. Is u a composite number?
True
Let z(k) = -43*k + 74. Let t be z(-25). Suppose -7*v + 35314 = -t. Is v prime?
True
Suppose -352*z + 34569243 = 128*z - 32773317. Is z composite?
False
Suppose -7*k = -9*k + 2*n + 451368, 0 = 5*k + 2*n - 1128413. Is k a composite number?
False
Suppose -16044 = 11*j - 204034. Suppose 0 = -22*t + 13820 + j. Is t a prime number?
False
Let c = -1599 - -601. Is c/(2/(-3) - 0) a prime number?
False
Is 3/24*363112*(-3)/(-1) a prime number?
False
Suppose 0 = 6*k + 24737 + 39403. Let l = -5925 - k. Is l a composite number?
True
Suppose 6*t + 15233 = 49235. Let p = 14330 - t. Is p prime?
True
Suppose -12*q = 9*q - 0*q - 479913. Is q prime?
True
Let z = -6990 + 42481. Is z a composite number?
False
Let i(y) = 8160*y - 86. Let s be i(-9). Is -4 - ((-15)/(-12)*4 + s) a composite number?
False
Let r = 62581 + 95046. Is r prime?
True
Let l(g) = -9*g**3 - 6*g**2 - 4*g + 3. Let k be l(-7). Let u = k - 1508. Suppose -5*c = -4*r + 1334, -4*r + 0*r = 4*c - u. Is r composite?
False
Let l be 3/((27/14)/9). Let z(w) = -l*w - 11*w + 33 + 11*w + 42*w. Is z(8) a prime number?
True
Let b be (2/(-6))/(1/(-9)). Let v be (-2)/(-6)*(0 + b). Is 587*(v - 0)*(-2 + 3) composite?
Fals